e first derivative of w**3/3 - 5*w**2/2 + w + 74. Let b be p(4). Give h(b).
-15
Let i be (-3*(-3)/27 + 0)*3. Let d be ((-1)/2)/(i/2). Let m(r) = 13*r + 3. Let n(q) = -13*q - 2. Let w(z) = -2*m(z) - 3*n(z). What is w(d)?
-13
Let i(p) = 5*p**3 - 3*p + 9. Let u(x) = -x**3 - 1. Let a(j) = i(j) + 6*u(j). Suppose -4*s = 3*v - 6*s - 5, 4*s = -4*v + 20. Determine a(v).
-33
Suppose -b + 4*d = 26, -15*b + 10*b - 25 = d. Let x(l) = l**3 + 7*l**2 + 4*l + 10. Determine x(b).
22
Let b be -4 + (-14)/(-3) - 4/(-3). Suppose 3*x = 5*u - 15, -11*u = -10*u + b*x + 10. Let p(j) = -j + 17. Give p(u).
17
Let n(v) = 3*v**3 - 45*v**2 - 16*v + 247. Let a be n(15). Let z(b) = -59*b**2 + 413*b + 9. Determine z(a).
9
Let v(z) = z**2 + 5*z - 35. Suppose 3*s = -5*p + 22, s + 147 - 161 = -5*p. Give v(s).
1
Let t(f) = f**2 - 21*f - 14. Suppose 2*q + 1 + 3 = 0, 2*i - 46 = 2*q. Determine t(i).
-14
Let u be 3/((-18)/4)*48. Let r = u - -35. Let s(i) = -4*i - 4 + r*i - i. Determine s(-4).
4
Suppose -3*o = v - 14, -2*v + 2*o = 6*o - 24. Suppose 10*b - v*b - 4 = 0. Let t(s) = -38 + s**2 + 45 - 2*s - s**b - s**2. What is t(-5)?
-8
Suppose 247 = 170*u - 138*u - 265. Let q(g) = -g**2 + 12*g + 31. Calculate q(u).
-33
Let n(a) be the second derivative of 1/3*a**3 + 3/20*a**5 + 0 + 0*a**4 + 65*a - 1/2*a**2. Suppose 2*m - 3 = -1. What is n(m)?
4
Let c(g) = -7*g - 9. Suppose -3*u - 12 = -i, 2*i - 5*u - 2 - 16 = 0. Determine c(i).
33
Let l(u) = u**2 - 5*u + 7. Let b be l(4). Suppose -b*a = 16 - 4. Let m(y) = -3*y**2 + 9*y + 3. Let c(z) = -z**2 + z. Let r(p) = -4*c(p) + m(p). Calculate r(a).
-1
Let y(a) = a**3 - 9*a**2 + 10*a - 12. Let n = -1354 + 1362. Determine y(n).
4
Let w = 39385 - 39377. Let n(g) = 5*g - 39. Give n(w).
1
Suppose y = -3*c + 13, -2*y + 5*c = 15 + 3. Let q(x) = -3 - y - x - 6 + 2. What is q(-4)?
-4
Let r(d) be the second derivative of -d**5/10 - 3*d**4/2 - d**3/3 - 10*d**2 + 462*d. Calculate r(-9).
-2
Let y(a) be the second derivative of -a**5/20 + 13*a**4/12 - 5*a**3/2 + 27*a**2/2 - 2*a + 2780. Determine y(12).
-9
Let v = -289 + 300. Suppose 4*j = p - v, -2*p = -4*p - 3*j. Let l(w) = -2*w**2 + 6*w - 7. Give l(p).
-7
Let j(p) = -7*p - 68. Let k be j(-10). Suppose 4*n - k*u = 30, -2*n - 3*u - u = -30. Let v(z) = z**2 - 9*z + 13. Calculate v(n).
13
Let g(j) = -8795*j + 8793*j - 1937 + 1937. Suppose -9*u + 23 = -4. Determine g(u).
-6
Let p(q) be the first derivative of q**3/3 - 11*q**2/2 - 175*q + 7170. Give p(-9).
5
Let a(l) be the first derivative of -l**6/120 + l**5/15 + 5*l**4/24 + 7*l**3/6 + 4*l**2 - 4*l - 14. Let o(t) be the second derivative of a(t). Give o(5).
7
Let s = -20 - -14. Let q(h) = -2*h + 2. Let l(c) be the first derivative of -3*c**2/2 + 3*c + 31. Let i(j) = 3*l(j) - 4*q(j). Give i(s).
7
Let x(u) = -1430 - 1410 + 7*u + 4229 - 1424 + 4*u. Determine x(7).
42
Let c(j) = -3*j**3 + 14*j**2 - 29*j - 23. Let d(n) = -2*n**3 + 9*n**2 - 20*n - 17. Let p(l) = 5*c(l) - 7*d(l). Determine p(5).
29
Let j(n) = -n**2 - 16*n + 35. Let q be j(-18). Let h(z) = 3*z**3 + 6*z**2 + 8*z - 2. Let t(k) = k**3 - 1. Let s(f) = q*h(f) + 4*t(f). What is s(7)?
-9
Let n(m) = 7*m - 102 + 33 + 81. Calculate n(-4).
-16
Let f = 790 - 789. Let u(y) = 6*y + 3 + 0*y - f + 7 + y. Determine u(-5).
-26
Let h(g) = -3*g + 83. Suppose -5*o = -a - 4, 5*o - 190 + 93 = -2*a. Calculate h(a).
-10
Let m(z) be the third derivative of -z**6/720 - 3*z**5/40 - z**4/24 - 14*z**3/3 - 5*z**2 - 3. Let w(u) be the second derivative of m(u). What is w(-7)?
-2
Let v(p) = -p**2 - 13*p - 9. Let o = 3185 + -3194. What is v(o)?
27
Let c(w) = w**2 + 9*w + 15. Let j(f) = -f**3 + 26*f - 13. Let h be j(5). Determine c(h).
7
Let j(h) = -6*h**2 - 32*h - 109. Let g be j(-4). Let o = 80 + g. Let q(n) = 2*n**2 - 3*n - 3. Calculate q(o).
6
Let p(k) = 4*k**2 - 93*k + 28. Let z(f) = -5*f**2 + 104*f - 27. Let g(c) = -6*p(c) - 5*z(c). Give g(-39).
6
Let u(s) = -8461*s**2 + 11 + 3*s - 6*s**3 + 7*s**3 + 8456*s**2. Give u(5).
26
Let h(p) = p**3 + 10*p**2 - 24*p + 14. Let b be (411/30 - (-12)/40)*12/(-14). Calculate h(b).
14
Let l(g) = -170 + 79 - g + 68. Let h be l(-26). Suppose 0 = 2*s - h*u - 3 - 7, 5*s + 3*u - 25 = 0. Let m(v) = -v. Give m(s).
-5
Suppose -11 = 5*p - 31. Let r(q) be the second derivative of -q**4/6 + 7*q**3/6 - 2*q**2 + 2*q - 3710. What is r(p)?
-8
Suppose 14 = 3*w + 2*z, 4*w + 0*w - 2*z = 0. Let l(f) = 8 - 3*f**w + 0*f**2 + 8*f**2 - 6*f**2 - 3*f. What is l(-6)?
-10
Let t(k) = -14*k + 10. Let m be t(4). Let l = 48 + m. Suppose 1 = 5*f - 2*s - 6, -l*s + 20 = 4*f. Let i(b) = -b**3 + b**2 + 2*b + 4. Calculate i(f).
-8
Let d(m) = 3 + 2*m - 87 + m**2 - 12*m + 10. Determine d(14).
-18
Let t(n) = -n**2 - 2*n + 1. Let o = 62 - -23. Let q be (-3 - o/(-35))*(-28)/8. What is t(q)?
-7
Let f(z) be the second derivative of z**5/10 + 7*z**4/6 + 4*z**3/3 - 21*z**2/2 + 2533*z. What is f(-6)?
3
Let f(b) = -26*b + 215. Let j(d) = -10*d + 107. Let k(x) = 2*f(x) - 5*j(x). What is k(0)?
-105
Let h(o) = -137*o + 1. Let s = 5320 + -5319. Give h(s).
-136
Let t(w) = -w**3 + 2*w**2 + 5*w + 4. Let y = -5889 - -5888. What is t(y)?
2
Suppose 3*i + 113*d = 108*d - 51, -2*d - 66 = 5*i. Let h(l) = l**3 + 12*l**2 - 2*l - 12. Determine h(i).
12
Let n(v) = v**3 + 24*v**2 - 51*v + 19. Suppose 153*h - 1196 = 199*h. Give n(h).
-7
Let q(j) = -2*j + 11. Let d be q(5). Let z(v) = 4 + v**3 + 2*v - d - 5*v**2 + 3 - 3. Suppose -5*h + 15 = 0, f - 4*h + 5 = -4. Calculate z(f).
-9
Let y(s) = -11 + 4*s**3 - 5*s**3 + 10*s**2 + 16*s - 5*s**2 + 4. Calculate y(7).
7
Suppose -226*s + 902 + 939 = 485. Let i(n) = -2*n**3 + 3*n**2 - 3*n + 17. Let z(g) = -g**3 + g**2 - 2*g + 9. Let u(d) = 4*i(d) - 7*z(d). Determine u(s).
-19
Let f be -2 + (24/(-96) - 66/(-8)). Suppose 21 = -c + 4*l + f, -4*l = 4*c + 40. Let t(a) = a + 13. Give t(c).
2
Suppose -4*v = 4*q - 84, -q + 0 = 2*v - 42. Suppose 1 = v*x - 20*x. Let u(r) = 3*r. Calculate u(x).
3
Let u(s) = s - 5. Let o(l) = 1. Let x be (286/(-39) - -7)/((-1)/(-3)). Suppose -2 - 2 = m. Let r(h) = m*o(h) + x*u(h). Determine r(4).
-3
Let o(q) = -3*q**3 + 32*q**2 + 9*q + 8. Let s be (44 + -12 + -2)*(-2)/(-4) + -4. What is o(s)?
-14
Let k(p) = 8*p**3 - 2*p**2 + 1 + 4*p - 4*p. Suppose 39*j - 30*j - 288 = 0. Suppose -j*v - 26*v = 58. Give k(v).
-9
Let t be (-5 - -10)*(-1)/(-1). Suppose -7 - 18 = t*o. Let g(p) be the third derivative of p**4/8 + 47*p**2. Calculate g(o).
-15
Suppose 4*u = -12, 0 = n - u - 9 - 4. Suppose 0 = -4*k - k + n. Let b(w) = 1 - 27*w + 15*w + w**k + 12*w. Calculate b(-3).
10
Let t be -1 + (-775)/(-10)*(2 + -4). Let g = t + 147. Let l(y) = y**3 - 2 + 9*y**2 - 4 + 1. Calculate l(g).
-5
Let k(y) = -8*y**2 - 62*y - 19. Let z(m) = 5*m**2 + 44*m + 18. Let o(x) = -2*k(x) - 3*z(x). Give o(-2).
4
Let s(h) = -h**3 - h**2 + 6*h + 2. Let f be s(2). Let n(l) be the third derivative of l**5/30 - l**4/8 + l**3/2 - 48*l**2. Give n(f).
5
Suppose 0 = -5*w, -84 = -l - 5*w - 78. Let f(g) = -g + 12. Let i(b) = -b. Let m(u) = -f(u) - i(u). Determine m(l).
0
Let a be 3*(-4)/(-54) + (-3706)/(-981). Let g(q) = 69 - 2*q + 9*q - 75. What is g(a)?
22
Let v(p) = -p**3 - p**2 + 43*p + 90. Let t be v(-2). Let z(o) = o**3 - 7*o**2 - 19*o + 83. Calculate z(t).
-5
Let o(d) = -d**2 - 21*d + 28. Let x(a) = -6*a**2 - 110*a + 141. Let s(f) = 11*o(f) - 2*x(f). Calculate s(5).
-4
Let q(z) = -3*z + 4*z + z**2 + 4 + 5*z - 2. Let r be q(-4). Let f(k) = k**2 - 8*k + 9. Let m(i) = 2*i**2 - 9*i + 10. Let v(n) = 3*f(n) - 2*m(n). Calculate v(r).
7
Let y be -4*(3 + -2) + 2. Let c(l) = l - 1. Let q(z) = -z. Let g(v) = y*c(v) - q(v). Let x(p) = p - 2. Let r(s) = 3*g(s) + 4*x(s). Calculate r(4).
2
Let i be (-6)/39 + (-1)/(26/(-56)). Suppose -r - i*r - 2*r = 0. Let l(u) = -2 + 0 - 2*u - u + r. Determine l(3).
-11
Let x(w) = -104*w + 30*w + 38*w + 35*w - 16. Give x(-16).
0
Let w(u) = 2*u - 1. Suppose -14*x = -20*x - 36. Let b = -9 + 12. Let n be 4 + 14*b/x. What is w(n)?
-7
Let o(k) = 37 - 52 + 20 + 23*k + 31. Determine o(-2).
-10
Let k = -6 + 13. Suppose -423*z - 20 = -428*z. Let o(n) = -1 - z - 5 - 13*n + 12*n. Calculate o(k).
-17
Suppose b - 2*b - 3 = 2*t, 2 = t. Let l(j) be the first derivative of j**2/2 + 15*j + 1506. Determine l(b).
8
Let j(a) = a**3 - 26*a**2 + 21*a + 56. Let o(w) = -w**2 - 60*w + 1061. Let g be o(-74). Calculate j(g).
-44
Let p = 648 + -643. Suppo